+ f. Calculate the remainder when t is divided by 2.
1
Let y(w) = -19*w**2 - 1. Let b be y(2). Let u be (-14)/b + 372/11. Suppose 2 + u = 2*f. What is the remainder when 69 is divided by f?
15
Calculate the remainder when 2832/59*14*3/24 is divided by 27.
3
Let h = 4 - -11. What is the remainder when (12/8)/(h/730) is divided by 19?
16
Suppose -2*h - 3*m + 1 = 0, 2*h - 4*m - 3 + 23 = 0. Let k(r) = r**2 + 3*r - 2. What is the remainder when 19 is divided by k(h)?
1
Let k = -1303 + 1325. Let g = 78 + -37. Calculate the remainder when g is divided by k.
19
Let k be ((-33)/44)/((-1)/(-24)). Let a = k - -33. Calculate the remainder when 41 is divided by a.
11
Suppose -2*w = -2*u + 64, 0 = 5*u - w - 2*w - 158. Calculate the remainder when u is divided by 19.
12
Let t = 10 - 8. Let b be (4/(-4))/(t + -1). Let n(q) = -30*q - 2. Calculate the remainder when n(b) is divided by 10.
8
Suppose -3*l + 2*w = -w - 303, -4*l + 407 = -3*w. Let p = -56 + l. Suppose 4*k = 6*k - p. Calculate the remainder when k is divided by 9.
6
Suppose 0 = -4*v - 107 - 53. Let r = v + 50. Calculate the remainder when 29 is divided by r.
9
Suppose -1 = -5*p + 49. Let k = -6 - -14. Suppose -3*t - f + k = -0, 3*f + 9 = 2*t. What is the remainder when p is divided by t?
1
Let k = -302 - -338. Let s = 39 - 20. Suppose 4*n = -3*a + 46, -3 = -2*n - 2*a + s. Calculate the remainder when k is divided by n.
10
Suppose -2*z - 20 = -6*z. Suppose 5*i - 20 = z*j, -2*i - i + 18 = 3*j. What is the remainder when 55 is divided by 4/(18/14 - j)?
13
Suppose -9*h = -5*h + 24. Let n be (13 - 15)*h/4. Calculate the remainder when 76*n/6 + -1 is divided by 8.
5
Suppose 35*d - 87 = 32*d. Suppose 3*a - 6 = 12. Calculate the remainder when d is divided by a.
5
Suppose 5*v - s - 6 = -1, 2*v - 2 = 3*s. Suppose b = 2*b. Suppose b = 2*q - 2, 2*a + 4*q = 2 + 8. What is the remainder when a is divided by v?
0
Suppose -q - 36 = -3*b, b - 4*q = -0*q + 12. Suppose 0*s - 3*s = -63. Calculate the remainder when s is divided by b.
9
Suppose -3*l = -1 - 5. Let p be 1*((3 - 10) + l). Calculate the remainder when (-4 - p)*(27 + -1) is divided by 9.
8
Suppose 3*z - 15 = 0, 2*m + 2*z = 4*z + 18. Let y be 4*-3 + 8/4. Calculate the remainder when y + 11 - -25*1 is divided by m.
12
Suppose 0 = -w - 58 + 1297. Calculate the remainder when w is divided by 69.
66
What is the remainder when 28/(-49) + 417/7 - 0 is divided by 44?
15
Let z(t) = 2*t**3 - 5*t**2 - 7*t + 2. Suppose -3*g + 8*g = 65. Calculate the remainder when z(4) is divided by g.
9
Let h(c) = -c**2 + 2*c + 7. Let a be h(0). Suppose 4*i = a*i - 18. Calculate the remainder when 8 is divided by i.
2
Let o be -2*(-1 - (-3)/2). Let y = 264 + -258. Let b = y + o. What is the remainder when 12 is divided by b?
2
Suppose 4*m - 260 = -5*r, -208 = -4*r - 6*m + 5*m. Calculate the remainder when 195 is divided by r.
39
Let b be 1/(-6)*-8*-9. Calculate the remainder when 57 is divided by (b/(-10))/(18/150).
7
Let h be ((-2)/4)/((-4)/(-16)). Let w be -14 - (-1 - (1 + h)). Let k = w - -25. Calculate the remainder when 43 is divided by k.
10
Suppose -5*n = -n - 16. Suppose -3*c - 4*m = -37, -9 = c - 0*c - n*m. Calculate the remainder when c is divided by 3.
1
Suppose -s = -5*u - 70, -5*s - 4*u = -336 - 14. Calculate the remainder when 347 is divided by s.
67
Suppose t = -4*n + 132, t + 3*t + 5*n - 572 = 0. What is the remainder when t is divided by 30?
28
Let n(a) = 2*a - 15. Let v be n(15). Let f = 13 - v. What is the remainder when 213/((-6)/f) + -2 is divided by 24?
21
Let i = -1250 + 1337. Calculate the remainder when 603 is divided by i.
81
Let g = -463 - -532. What is the remainder when 617 is divided by g?
65
Let b(g) = -33*g + 73. Calculate the remainder when 615 is divided by b(2).
6
Suppose 79 = 4*y + 3*q, -4*q + q - 33 = -3*y. Calculate the remainder when 16/64 - (-6)/(-8)*-101 is divided by y.
12
Let b(r) = 8*r - 5. Let u be b(2). Let o = 16 - u. Suppose o*i - 3*i = 8. Calculate the remainder when 12 is divided by i.
0
Let l = -55 + 77. Let z(u) = -7*u**3 + u**2 - 3*u - 2. Calculate the remainder when z(-2) is divided by l.
20
Suppose -2*b + 15 = b, -5*g + 2*b + 40 = 0. What is the remainder when (4 - 3) + 3 + 23 is divided by g?
7
Suppose 629 = 5*d - 3*z, 6*z - z = 4*d - 498. What is the remainder when d is divided by 66?
61
Let h be (2 - 1)*(-7 + 1). Let w = 20 + h. Suppose 51 = r + g, -147 = 2*r - 5*r - 5*g. What is the remainder when r is divided by w?
12
Suppose 2*c + 0*c - 20 = 3*f, -2*f - 24 = -4*c. Let v = 83 - 55. Suppose 0 = -c*n - 20, -v = 2*r - 2*n - 90. Calculate the remainder when r is divided by 14.
12
Suppose 10*j + 512 = -38. Let x = j + 91. What is the remainder when x is divided by 11?
3
Suppose 0 = -0*b + 4*b. Suppose 3*h = 5*j + 24, -h + 3*j + b + 12 = 0. Let w = 10 - h. Calculate the remainder when 27 is divided by w.
6
Suppose 4*w + 72 = 4*l + 24, -4*w - 36 = -3*l. What is the remainder when -3 + 1 + 0 - -25 is divided by l?
11
Let y = 88 + -69. Let z = -3 + 3. Suppose z = -3*d - d + 20. Calculate the remainder when y is divided by d.
4
Suppose -14 - 18 = -8*x. Calculate the remainder when 11 is divided by x*(-1)/(-4)*2.
1
Suppose -h + 111 = -5*z, -4*z = h - 92 + 26. Let w = h - 62. Let r(c) = c**2 + 3*c - 1. What is the remainder when w is divided by r(-5)?
6
Suppose -j + 6*j + 23 = 4*b, -3*b = -5*j - 16. Let w(k) = -17*k**2 - 2*k**3 + 3*k + 7 + 3*k**2 + b*k**2. Calculate the remainder when w(-5) is divided by 14.
11
Let v = -31 + 34. Let f(k) = 2*k - 22*k**v - 1 - 3*k - 9*k**2 + 20*k**3. Calculate the remainder when 84 is divided by f(-5).
26
Let d(f) = -26*f**3 - 2*f - 1. Suppose 7*q - 93 = 10*q. Let a = -24 - q. Calculate the remainder when d(-1) is divided by a.
6
Let p(b) = 3*b - 46. Let z be p(18). Suppose 5*l + z = 2*q - 29, 2*q + 5*l = 27. What is the remainder when q is divided by 9?
7
Let k(u) = u**3 - u**2 + 4*u - 3. Let j(z) = z**2 + 2*z - 6. Let x be j(-4). What is the remainder when 43 is divided by k(x)?
7
Let f = 1079 + -1063. Let v = 1 - -4. What is the remainder when f is divided by v?
1
Let z(o) = -4 - 11*o + 1 + 12*o - 5. Let r be z(8). Suppose -p + 2*p - 26 = r. What is the remainder when 103 is divided by p?
25
Suppose 4*u - 131 = l, 4*l - 67 - 36 = -3*u. What is the remainder when 56 is divided by u?
23
Suppose -41 = -5*q + 2*y, 0 = 2*q - 2*y + 7 - 27. Suppose 5*n - 89 + 24 = 0. Calculate the remainder when n is divided by q.
6
Let p(z) = 6*z**3 - 24*z**2 + 6*z - 7. Calculate the remainder when p(4) is divided by 3.
2
Let y(b) = 4*b**2 - 78*b + 50. Calculate the remainder when 69 is divided by y(19).
9
What is the remainder when 16 is divided by (-2)/((-4)/(-5)) + 486/36?
5
Suppose -x - 11 + 2 = 0. What is the remainder when (0 - x)*(1 - -2) is divided by 7?
6
Let n(g) = g**3 + 2*g**2 + 2*g - 37. What is the remainder when n(6) is divided by 67?
62
Suppose 0 = y + y - 8. Suppose -2*l - 3*n + y + 3 = 0, 0 = 4*l + 5*n - 11. Let o(r) = -23*r**3 + r. What is the remainder when 86 is divided by o(l)?
20
Suppose 3*n - 78 = 45. Suppose -n = -3*c - 2*j, -2*c + 3*c - 5*j + 9 = 0. What is the remainder when 40 is divided by c?
7
Suppose 0*g = 2*g + 46. Let b(d) = 18*d - 4. Let y be b(2). Let h = y + g. Calculate the remainder when 25 is divided by h.
7
Let a(b) = 101*b - 136. What is the remainder when a(3) is divided by 11?
2
Suppose -5*z = 4*l - 1591, 3*z - 15 + 18 = 0. Calculate the remainder when l is divided by 196.
7
Suppose 0 = 25*z - 248 - 2627. What is the remainder when z is divided by 43?
29
Suppose 0*n = -4*n + g - 21, 2*g = 3*n + 17. Let k = n + 52. What is the remainder when k is divided by 26/(-2)*-1 - 1?
11
Suppose -4*o = -s + 59, 320 = 5*s + 21*o - 16*o. Let m be -3*(0 - -1 - 16). Suppose 2*k - m = -1. Calculate the remainder when s is divided by k.
19
Let o(j) = 2*j + 21. Suppose 1 = 3*a + 10, -g = -5*a - 43. Suppose 3*c = g + 8. Calculate the remainder when o(c) is divided by 24.
21
Let r = -23 + 32. Let z(n) = -n**2 + 12*n - 13. What is the remainder when 38 is divided by z(r)?
10
Let o(r) be the third derivative of -r**4/6 - 13*r**3/6 - 25*r**2. What is the remainder when 25 is divided by o(-4)?
1
Let z(n) = -11*n + 30. Let h(v) = -20*v**3 + v + 1. Calculate the remainder when z(-2) is divided by h(-1).
1